s digit of z?
7
Let q be (-1631)/(-21) - (-4)/(-6). Let p be (3 - (1 - -3)) + -54. Let b = q + p. What is the units digit of b?
2
Suppose 11*g - 9*g = -2. What is the tens digit of (805/(-46))/(g/2)?
3
Suppose -2*l = 1 - 5. Suppose -l*g + 200 - 68 = 0. What is the units digit of g?
6
Let s = -564 + 822. What is the units digit of s?
8
Let w = -1504 + 2245. What is the units digit of w?
1
Let w(v) = v - 3. Let n be w(7). Suppose n*g = 150 + 198. What is the tens digit of g?
8
Let u = 24 + -24. Suppose c - 4*k - 120 = 21, -2*c - 2*k + 252 = u. Suppose 3*h - 3 = c. What is the tens digit of h?
4
Let c be (0/(-1))/(0 - 3). Suppose 4*g - 160 = -c*g. What is the tens digit of g?
4
Suppose 4*t - 332 = 4*m - 884, 0 = 2*m + 3*t - 296. What is the tens digit of m?
4
What is the thousands digit of (-35 - -34)/(1/(-1066))?
1
Let z(g) = g**3 - g**2 - g + 67. Suppose -2*c = 6, 6*j + 55 = 4*j + 5*c. Let d = j + 35. What is the tens digit of z(d)?
6
What is the hundreds digit of 325 + -6 + 2 + 2?
3
Suppose -8*c + 3*c = 30. Let u(o) = -6*o - 13. What is the units digit of u(c)?
3
Let c(j) = 2*j - 26. Let y be c(9). Let l(q) = q**3 + 7*q**2 - 16*q + 16. What is the tens digit of l(y)?
8
Suppose -t = 1 - 0. Let p be t - (-7)/(14/(-44)). Let q = p + 50. What is the units digit of q?
7
Let a(l) = -7*l**2 + 2*l + 3. Let q be a(-1). Let h be (-72)/32*(-80)/q. Let c = 13 - h. What is the units digit of c?
3
Let a(t) = 15*t**2 - 16*t + 36. What is the units digit of a(5)?
1
Let n(v) = 6*v - 8. Let o(l) = -5 + 2 + 1 - l**3 + 1 - l. Let u be o(-2). What is the tens digit of n(u)?
4
Let l = -329 + 495. Let m = -110 + l. What is the units digit of m?
6
Let d be ((-32)/24)/(3/558*1). Let m = -128 - d. What is the tens digit of m?
2
Let y be 1/(-2) + ((-339)/(-2))/3. Suppose 3*v - y = 43. What is the units digit of v?
3
What is the hundreds digit of (-1410)/(-3) + -1 - (-19 - -16)?
4
What is the hundreds digit of -17 - -248 - (4 - -2)?
2
Let g(m) = -6*m - 9. Let x(i) = 5*i + 9. Let v be 336/54 + (-6)/27. Let s(w) = v*g(w) + 7*x(w). What is the units digit of s(7)?
2
Let u(s) = 38*s + 1. Let h be 2/(-4 - -2 - 0). Let i be u(h). Let d = i + 79. What is the units digit of d?
2
Let g(x) = -2*x**2 - 5*x - 4. Let k be -1 + -1 + 2 + -4. Let m be g(k). Let o = m - -37. What is the units digit of o?
1
Suppose -3*d = 2*d - 4*n - 6, 2 = -d + 4*n. What is the units digit of (-6)/48*-318 - d/(-8)?
0
Suppose -15*u + 3240 = -4080. What is the tens digit of u?
8
Suppose 7085 = 4*q + u + 2177, -2*u = 0. What is the hundreds digit of q?
2
Let z be 5*4/(4/1). Let j be (z - -40) + -1 + -2. What is the tens digit of (j/(-30))/(3/(-105))?
4
Suppose -143*s + 2*k + 5750 = -138*s, 2286 = 2*s + 2*k. What is the hundreds digit of s?
1
Suppose -4*h + 1242 = 2*z, -4*h + 0*z + 1249 = -5*z. What is the tens digit of h?
1
Suppose 0 = -3*h + 4*h - 4. Let w(z) = z**3 - 3*z**2 - 3*z + 3. What is the units digit of w(h)?
7
Let o(m) = 6 + m + 1 + 3. What is the units digit of o(-5)?
5
Let c = 3017 + -1025. What is the units digit of c?
2
Let x(i) = -i. Let n(h) = 5*h - 19. Let p(a) = -n(a) + 3*x(a). What is the tens digit of p(-8)?
8
Let a be (-8)/(-2) + 15 + -2. Suppose -19*g + 158 = -a*g. What is the tens digit of g?
7
Suppose -t - 4*u + 3 = 0, 7*u = -5*t + 2*u + 15. Suppose 62 + 103 = t*v. What is the units digit of v?
5
Let l(o) = -56*o - 39. Let p be l(7). Let u = -244 - p. What is the tens digit of u?
8
Let v(n) = -4*n**3 + 3*n + 26. What is the units digit of v(-6)?
2
Let q = -29 + 50. Let v(n) = -8*n + 82. Let k be v(6). Let u = k - q. What is the units digit of u?
3
Suppose -5*h + 78 + 47 = 5*j, 0 = 2*h + 3*j - 50. Let y be 0/5 - h*-1. Let m = -22 + y. What is the units digit of m?
3
Let c = 20 - 17. What is the units digit of (10 + -82)*c/(18/(-8))?
6
Suppose -10021 = -11*z + 5181. What is the units digit of z?
2
Let z(j) = -j**2 + j + 60. Suppose 3*b = b. What is the units digit of z(b)?
0
Suppose -5*w + 10 = 2*t, -6 = 5*t - 2*w - w. Suppose t = 8*i - 54 - 98. What is the units digit of i?
9
Suppose -6*p = 5*a - 4*p - 326, -5*p = 2*a - 122. Suppose 0 = -6*g + 3*g + a. What is the tens digit of g?
2
Suppose y - 1 = -j + 3, -3*y = -2*j - 17. Suppose 175 = y*s - 155. What is the tens digit of s?
6
Let d(l) = 15*l - 4 + 6*l + 3*l. Let q be d(2). Suppose -3*n + q = n. What is the tens digit of n?
1
Let b(r) = -8*r - 1. Let o be b(3). Let p = o - -28. What is the units digit of 30 + -3 - (-2 + p)?
6
Let i(q) = 2*q**2 - 13*q - 134. What is the hundreds digit of i(27)?
9
Suppose -2*m - 3*m - 2 = -a, 2*m = -3*a + 6. Suppose 748 - 1036 = -n. Suppose m = 5*i - n + 103. What is the units digit of i?
7
Suppose 3*l - 2*l + 2 = 0. What is the units digit of (-18928)/(-240) - l/15?
9
Suppose -14*y + 120650 = 49068. What is the tens digit of y?
1
Let j(h) = -h**2 - 3*h + 1. Let f be j(2). Let c be (f + 10)/((-2)/(-82)). Suppose 0 = -0*a + a - c. What is the tens digit of a?
4
Let r(x) = -x**2 + 12*x + 10. Let q be r(12). Let k(w) = -9*w + 24 - 9*w + 21*w. What is the units digit of k(q)?
4
Let i(q) = 0*q + 3 + 21*q**2 + 0*q - 2. Let v(w) = -w**3 - 9*w**2 - 7*w + 9. Let p be v(-8). What is the tens digit of i(p)?
2
Let k = 22 - 14. Suppose 0 = -j + o - 4, 5*j = 4*o - k - 7. Let m(s) = 24*s**2 + 1. What is the units digit of m(j)?
5
Suppose 4*l = 12 - 4. Suppose 0*m + l*m = -24. Let q = m + 20. What is the units digit of q?
8
Suppose -3*b + 5*b - 4 = 0. Suppose 2*j - 13 = i, -b*i + 5*j - 34 = i. Let l = 13 - i. What is the units digit of l?
6
Suppose 3*p = 71 - 2. Let r = 36 - p. What is the tens digit of r?
1
Suppose -3*w - q + 31 = 0, -4*w = -2*w - q - 19. Let z = 11 + w. What is the units digit of z?
1
Suppose 5*r + 3 = 13. Suppose -g + 21 = 2*b + 4*g, -3 = -r*b + g. Suppose 0 = -b*w + 8*w - 5. What is the units digit of w?
1
Let o = -9 + -3. Let w = -9 - o. Suppose 3*i = 2*g - 70, 0 = -2*g + g + w*i + 38. What is the tens digit of g?
3
Let p(b) be the second derivative of -5*b**3/6 + 6*b**2 - 6*b. Let h be p(11). Let s = -20 - h. What is the tens digit of s?
2
Let a(q) = -7*q - 51. Let t be a(-18). Let y be 6/(-1)*(6 - 0). Let x = t + y. What is the units digit of x?
9
What is the thousands digit of (843*8/(-96))/((-2)/32)?
1
Let b = -1741 - -4675. What is the hundreds digit of b?
9
Suppose -326 = -11*t + 1478. What is the hundreds digit of t?
1
Suppose 0 = -4*r + 2*n + 7656, -6*r + 5742 = -3*r - 5*n. What is the units digit of r?
4
Suppose u + 4*g - 6 = 4, 3*g = 4*u - 2. Suppose -u*s - 3*z = -2*z - 183, 3 = -z. What is the units digit of s?
3
Let f(i) = i. Let h(z) = -2*z**3 + 5*z**2 + 4*z - 1. Let g(k) = -6*f(k) + h(k). Let o be g(3). What is the tens digit of o/(-24) + 170/6?
2
Let z(d) = 5*d + 2. Let v = -13 - -8. Let t(c) = 4*c + 3. Let x(p) = v*z(p) + 6*t(p). What is the tens digit of x(-7)?
1
What is the units digit of 1307 + -9 + -3*3/9?
7
Let d = 5731 + -3091. Suppose d = 8*v + 8*v. What is the hundreds digit of v?
1
Let i be (1 - 2)/(2/(-10)). Suppose 5*y = -5*m - 33 - 27, 0 = 4*m + i*y + 46. What is the tens digit of m/8*(-32)/4?
1
Let t(n) = n**2 + 3*n + 9. What is the units digit of t(7)?
9
Let i = -212 - -384. What is the units digit of i?
2
Suppose -1 = -6*t + 23. Suppose -j = 3*o - 0*j + 1274, t*j + 8 = 0. What is the tens digit of o/32*(-3 - 1)?
5
Let t = 157 + 61. What is the units digit of (-20)/(-110) - t/(-11)?
0
Let a = -119 - -44. Let x = -153 + -177. What is the tens digit of (1 + 9)*x/a?
4
Let t be (-23)/(-8) - 4/(-32). Suppose 2*u = -0*u + 3*f + 129, -t*u + f = -197. What is the tens digit of u?
6
Let p(j) be the second derivative of 0 + 5*j**4 + 1/6*j**3 + 12*j + 0*j**2. What is the tens digit of p(1)?
6
Let u(x) = x**2 + 4*x + 8. Let f be u(-4). Let c be 10/(-5) - f*-1. Suppose c*r = r + 35. What is the units digit of r?
7
Suppose 4*t + l = 864 + 1236, -3*t + 1566 = 3*l. What is the units digit of t?
6
Let y be ((-14)/(-2))/((-3)/135). Suppose -2*l + 4 = 4*r, 0 = 3*l - r - 0*r - 41. What is the tens digit of y/6*l/(-15)?
4
Let y(q) = -60*q - 5. Let p be y(-1). Suppose -2*k = 4*t - 2*t - 62, -k = 5*t - 39. Let r = p - k. What is the units digit of r?
6
Let f = 506 + -234. What is the units digit of f?
2
Let s = 14 + -11. Suppose s*v - 9 = 0, d = 6*d + 5*v - 95. Suppose 0 = 3*g - 2*g